{"id":1941,"date":"2025-05-21T15:36:58","date_gmt":"2025-05-21T15:36:58","guid":{"rendered":"https:\/\/ruysschaert.be\/sejour-linguistique\/"},"modified":"2026-03-10T15:53:01","modified_gmt":"2026-03-10T14:53:01","slug":"sejour-linguistique","status":"publish","type":"page","link":"https:\/\/ruysschaert.be\/fr\/sejour-linguistique\/","title":{"rendered":"S\u00e9jour linguistique"},"content":{"rendered":"","protected":false},"excerpt":{"rendered":"","protected":false},"author":2,"featured_media":0,"parent":0,"menu_order":0,"comment_status":"closed","ping_status":"closed","template":"","meta":{"_acf_changed":false,"_improvement_type_select":"improve_an_existing","_thumb_yes_seoaic":false,"_frame_yes_seoaic":false,"seoaic_generate_description":"","seoaic_improve_instructions_prompt":"","seoaic_rollback_content_improvement":"","seoaic_idea_thumbnail_generator":"","thumbnail_generated":false,"thumbnail_generate_prompt":"","seoaic_article_description":"","footnotes":""},"class_list":["post-1941","page","type-page","status-publish","hentry"],"acf":[],"yoast_head":"<!-- This site is optimized with the Yoast SEO plugin v27.4 - https:\/\/yoast.com\/product\/yoast-seo-wordpress\/ -->\n<title>S\u00e9jour linguistique pour enfants et jeunes | Ruysschaert<\/title>\n<meta name=\"description\" content=\"D\u00e9couvrez les s\u00e9jours linguistiques Ruysschaert pour les jeunes de 12 \u00e0 18 ans. Optez pour une immersion \u00e0 100% dans la langue et une exp\u00e9rience inoubliable !\" \/>\n<meta name=\"robots\" content=\"index, follow, max-snippet:-1, max-image-preview:large, max-video-preview:-1\" \/>\n<link rel=\"canonical\" href=\"https:\/\/ruysschaert.be\/fr\/sejour-linguistique\/\" \/>\n<meta property=\"og:locale\" content=\"fr_FR\" \/>\n<meta property=\"og:type\" content=\"article\" \/>\n<meta property=\"og:title\" content=\"S\u00e9jour linguistique pour enfants et jeunes | Ruysschaert\" \/>\n<meta property=\"og:description\" content=\"D\u00e9couvrez les s\u00e9jours linguistiques Ruysschaert pour les jeunes de 12 \u00e0 18 ans. Optez pour une immersion \u00e0 100% dans la langue et une exp\u00e9rience inoubliable !\" \/>\n<meta property=\"og:url\" content=\"https:\/\/ruysschaert.be\/fr\/sejour-linguistique\/\" \/>\n<meta property=\"og:site_name\" content=\"The Language Academy\" \/>\n<meta property=\"article:modified_time\" content=\"2026-03-10T14:53:01+00:00\" \/>\n<meta property=\"og:image\" content=\"https:\/\/ruysschaert.be\/wp-content\/uploads\/2025\/05\/RLA-S2-252-scaled.jpg\" \/>\n\t<meta property=\"og:image:width\" content=\"2560\" \/>\n\t<meta property=\"og:image:height\" content=\"1707\" \/>\n\t<meta property=\"og:image:type\" content=\"image\/jpeg\" \/>\n<meta name=\"twitter:card\" content=\"summary_large_image\" \/>\n<script type=\"application\/ld+json\" class=\"yoast-schema-graph\">{\"@context\":\"https:\\\/\\\/schema.org\",\"@graph\":[{\"@type\":\"WebPage\",\"@id\":\"https:\\\/\\\/ruysschaert.be\\\/fr\\\/sejour-linguistique\\\/\",\"url\":\"https:\\\/\\\/ruysschaert.be\\\/fr\\\/sejour-linguistique\\\/\",\"name\":\"S\u00e9jour linguistique pour enfants et jeunes | Ruysschaert\",\"isPartOf\":{\"@id\":\"https:\\\/\\\/ruysschaert.be\\\/fr\\\/#website\"},\"datePublished\":\"2025-05-21T15:36:58+00:00\",\"dateModified\":\"2026-03-10T14:53:01+00:00\",\"description\":\"D\u00e9couvrez les s\u00e9jours linguistiques Ruysschaert pour les jeunes de 12 \u00e0 18 ans. Optez pour une immersion \u00e0 100% dans la langue et une exp\u00e9rience inoubliable !\",\"breadcrumb\":{\"@id\":\"https:\\\/\\\/ruysschaert.be\\\/fr\\\/sejour-linguistique\\\/#breadcrumb\"},\"inLanguage\":\"fr-FR\",\"potentialAction\":[{\"@type\":\"ReadAction\",\"target\":[\"https:\\\/\\\/ruysschaert.be\\\/fr\\\/sejour-linguistique\\\/\"]}]},{\"@type\":\"BreadcrumbList\",\"@id\":\"https:\\\/\\\/ruysschaert.be\\\/fr\\\/sejour-linguistique\\\/#breadcrumb\",\"itemListElement\":[{\"@type\":\"ListItem\",\"position\":1,\"name\":\"Home\",\"item\":\"https:\\\/\\\/ruysschaert.be\\\/fr\\\/\"},{\"@type\":\"ListItem\",\"position\":2,\"name\":\"S\u00e9jour linguistique\"}]},{\"@type\":\"WebSite\",\"@id\":\"https:\\\/\\\/ruysschaert.be\\\/fr\\\/#website\",\"url\":\"https:\\\/\\\/ruysschaert.be\\\/fr\\\/\",\"name\":\"The Language Academy\",\"description\":\"Taalkampen en taalvakanties\",\"publisher\":{\"@id\":\"https:\\\/\\\/ruysschaert.be\\\/fr\\\/#organization\"},\"potentialAction\":[{\"@type\":\"SearchAction\",\"target\":{\"@type\":\"EntryPoint\",\"urlTemplate\":\"https:\\\/\\\/ruysschaert.be\\\/fr\\\/?s={search_term_string}\"},\"query-input\":{\"@type\":\"PropertyValueSpecification\",\"valueRequired\":true,\"valueName\":\"search_term_string\"}}],\"inLanguage\":\"fr-FR\"},{\"@type\":\"Organization\",\"@id\":\"https:\\\/\\\/ruysschaert.be\\\/fr\\\/#organization\",\"name\":\"The Language Academy Ruysschaert\",\"url\":\"https:\\\/\\\/ruysschaert.be\\\/fr\\\/\",\"logo\":{\"@type\":\"ImageObject\",\"inLanguage\":\"fr-FR\",\"@id\":\"https:\\\/\\\/ruysschaert.be\\\/fr\\\/#\\\/schema\\\/logo\\\/image\\\/\",\"url\":\"https:\\\/\\\/ruysschaert.be\\\/wp-content\\\/uploads\\\/2025\\\/05\\\/cropped-The-Language-Academy-Logo-Icoon-met-rand.png\",\"contentUrl\":\"https:\\\/\\\/ruysschaert.be\\\/wp-content\\\/uploads\\\/2025\\\/05\\\/cropped-The-Language-Academy-Logo-Icoon-met-rand.png\",\"width\":512,\"height\":512,\"caption\":\"The Language Academy Ruysschaert\"},\"image\":{\"@id\":\"https:\\\/\\\/ruysschaert.be\\\/fr\\\/#\\\/schema\\\/logo\\\/image\\\/\"}}]}<\/script>\n<!-- \/ Yoast SEO plugin. -->","yoast_head_json":{"title":"S\u00e9jour linguistique pour enfants et jeunes | Ruysschaert","description":"D\u00e9couvrez les s\u00e9jours linguistiques Ruysschaert pour les jeunes de 12 \u00e0 18 ans. Optez pour une immersion \u00e0 100% dans la langue et une exp\u00e9rience inoubliable !","robots":{"index":"index","follow":"follow","max-snippet":"max-snippet:-1","max-image-preview":"max-image-preview:large","max-video-preview":"max-video-preview:-1"},"canonical":"https:\/\/ruysschaert.be\/fr\/sejour-linguistique\/","og_locale":"fr_FR","og_type":"article","og_title":"S\u00e9jour linguistique pour enfants et jeunes | Ruysschaert","og_description":"D\u00e9couvrez les s\u00e9jours linguistiques Ruysschaert pour les jeunes de 12 \u00e0 18 ans. Optez pour une immersion \u00e0 100% dans la langue et une exp\u00e9rience inoubliable !","og_url":"https:\/\/ruysschaert.be\/fr\/sejour-linguistique\/","og_site_name":"The Language Academy","article_modified_time":"2026-03-10T14:53:01+00:00","og_image":[{"width":2560,"height":1707,"url":"https:\/\/ruysschaert.be\/wp-content\/uploads\/2025\/05\/RLA-S2-252-scaled.jpg","type":"image\/jpeg"}],"twitter_card":"summary_large_image","schema":{"@context":"https:\/\/schema.org","@graph":[{"@type":"WebPage","@id":"https:\/\/ruysschaert.be\/fr\/sejour-linguistique\/","url":"https:\/\/ruysschaert.be\/fr\/sejour-linguistique\/","name":"S\u00e9jour linguistique pour enfants et jeunes | Ruysschaert","isPartOf":{"@id":"https:\/\/ruysschaert.be\/fr\/#website"},"datePublished":"2025-05-21T15:36:58+00:00","dateModified":"2026-03-10T14:53:01+00:00","description":"D\u00e9couvrez les s\u00e9jours linguistiques Ruysschaert pour les jeunes de 12 \u00e0 18 ans. Optez pour une immersion \u00e0 100% dans la langue et une exp\u00e9rience inoubliable !","breadcrumb":{"@id":"https:\/\/ruysschaert.be\/fr\/sejour-linguistique\/#breadcrumb"},"inLanguage":"fr-FR","potentialAction":[{"@type":"ReadAction","target":["https:\/\/ruysschaert.be\/fr\/sejour-linguistique\/"]}]},{"@type":"BreadcrumbList","@id":"https:\/\/ruysschaert.be\/fr\/sejour-linguistique\/#breadcrumb","itemListElement":[{"@type":"ListItem","position":1,"name":"Home","item":"https:\/\/ruysschaert.be\/fr\/"},{"@type":"ListItem","position":2,"name":"S\u00e9jour linguistique"}]},{"@type":"WebSite","@id":"https:\/\/ruysschaert.be\/fr\/#website","url":"https:\/\/ruysschaert.be\/fr\/","name":"The Language Academy","description":"Taalkampen en taalvakanties","publisher":{"@id":"https:\/\/ruysschaert.be\/fr\/#organization"},"potentialAction":[{"@type":"SearchAction","target":{"@type":"EntryPoint","urlTemplate":"https:\/\/ruysschaert.be\/fr\/?s={search_term_string}"},"query-input":{"@type":"PropertyValueSpecification","valueRequired":true,"valueName":"search_term_string"}}],"inLanguage":"fr-FR"},{"@type":"Organization","@id":"https:\/\/ruysschaert.be\/fr\/#organization","name":"The Language Academy Ruysschaert","url":"https:\/\/ruysschaert.be\/fr\/","logo":{"@type":"ImageObject","inLanguage":"fr-FR","@id":"https:\/\/ruysschaert.be\/fr\/#\/schema\/logo\/image\/","url":"https:\/\/ruysschaert.be\/wp-content\/uploads\/2025\/05\/cropped-The-Language-Academy-Logo-Icoon-met-rand.png","contentUrl":"https:\/\/ruysschaert.be\/wp-content\/uploads\/2025\/05\/cropped-The-Language-Academy-Logo-Icoon-met-rand.png","width":512,"height":512,"caption":"The Language Academy Ruysschaert"},"image":{"@id":"https:\/\/ruysschaert.be\/fr\/#\/schema\/logo\/image\/"}}]}},"_links":{"self":[{"href":"https:\/\/ruysschaert.be\/fr\/wp-json\/wp\/v2\/pages\/1941","targetHints":{"allow":["GET"]}}],"collection":[{"href":"https:\/\/ruysschaert.be\/fr\/wp-json\/wp\/v2\/pages"}],"about":[{"href":"https:\/\/ruysschaert.be\/fr\/wp-json\/wp\/v2\/types\/page"}],"author":[{"embeddable":true,"href":"https:\/\/ruysschaert.be\/fr\/wp-json\/wp\/v2\/users\/2"}],"replies":[{"embeddable":true,"href":"https:\/\/ruysschaert.be\/fr\/wp-json\/wp\/v2\/comments?post=1941"}],"version-history":[{"count":3,"href":"https:\/\/ruysschaert.be\/fr\/wp-json\/wp\/v2\/pages\/1941\/revisions"}],"predecessor-version":[{"id":22390,"href":"https:\/\/ruysschaert.be\/fr\/wp-json\/wp\/v2\/pages\/1941\/revisions\/22390"}],"wp:attachment":[{"href":"https:\/\/ruysschaert.be\/fr\/wp-json\/wp\/v2\/media?parent=1941"}],"curies":[{"name":"wp","href":"https:\/\/api.w.org\/{rel}","templated":true}]}}

Séjour linguistique

<!-- This site is optimized with the Yoast SEO plugin v27.4 - https://yoast.com/product/yoast-seo-wordpress/ -->
<title>Séjour linguistique pour enfants et jeunes | Ruysschaert</title>
<meta name="description" content="Découvrez les séjours linguistiques Ruysschaert pour les jeunes de 12 à 18 ans. Optez pour une immersion à 100% dans la langue et une expérience inoubliable !" />
<meta name="robots" content="index, follow, max-snippet:-1, max-image-preview:large, max-video-preview:-1" />
<link rel="canonical" href="https://ruysschaert.be/fr/sejour-linguistique/" />
<meta property="og:locale" content="fr_FR" />
<meta property="og:type" content="article" />
<meta property="og:title" content="Séjour linguistique pour enfants et jeunes | Ruysschaert" />
<meta property="og:description" content="Découvrez les séjours linguistiques Ruysschaert pour les jeunes de 12 à 18 ans. Optez pour une immersion à 100% dans la langue et une expérience inoubliable !" />
<meta property="og:url" content="https://ruysschaert.be/fr/sejour-linguistique/" />
<meta property="og:site_name" content="The Language Academy" />
<meta property="article:modified_time" content="2026-03-10T14:53:01+00:00" />
<meta property="og:image" content="https://ruysschaert.be/wp-content/uploads/2025/05/RLA-S2-252-scaled.jpg" />
	<meta property="og:image:width" content="2560" />
	<meta property="og:image:height" content="1707" />
	<meta property="og:image:type" content="image/jpeg" />
<meta name="twitter:card" content="summary_large_image" />
<script type="application/ld+json" class="yoast-schema-graph">{"@context":"https:\/\/schema.org","@graph":[{"@type":"WebPage","@id":"https:\/\/ruysschaert.be\/fr\/sejour-linguistique\/","url":"https:\/\/ruysschaert.be\/fr\/sejour-linguistique\/","name":"Séjour linguistique pour enfants et jeunes | Ruysschaert","isPartOf":{"@id":"https:\/\/ruysschaert.be\/fr\/#website"},"datePublished":"2025-05-21T15:36:58+00:00","dateModified":"2026-03-10T14:53:01+00:00","description":"Découvrez les séjours linguistiques Ruysschaert pour les jeunes de 12 à 18 ans. Optez pour une immersion à 100% dans la langue et une expérience inoubliable !","breadcrumb":{"@id":"https:\/\/ruysschaert.be\/fr\/sejour-linguistique\/#breadcrumb"},"inLanguage":"fr-FR","potentialAction":[{"@type":"ReadAction","target":["https:\/\/ruysschaert.be\/fr\/sejour-linguistique\/"]}]},{"@type":"BreadcrumbList","@id":"https:\/\/ruysschaert.be\/fr\/sejour-linguistique\/#breadcrumb","itemListElement":[{"@type":"ListItem","position":1,"name":"Home","item":"https:\/\/ruysschaert.be\/fr\/"},{"@type":"ListItem","position":2,"name":"Séjour linguistique"}]},{"@type":"WebSite","@id":"https:\/\/ruysschaert.be\/fr\/#website","url":"https:\/\/ruysschaert.be\/fr\/","name":"The Language Academy","description":"Taalkampen en taalvakanties","publisher":{"@id":"https:\/\/ruysschaert.be\/fr\/#organization"},"potentialAction":[{"@type":"SearchAction","target":{"@type":"EntryPoint","urlTemplate":"https:\/\/ruysschaert.be\/fr\/?s={search_term_string}"},"query-input":{"@type":"PropertyValueSpecification","valueRequired":true,"valueName":"search_term_string"}}],"inLanguage":"fr-FR"},{"@type":"Organization","@id":"https:\/\/ruysschaert.be\/fr\/#organization","name":"The Language Academy Ruysschaert","url":"https:\/\/ruysschaert.be\/fr\/","logo":{"@type":"ImageObject","inLanguage":"fr-FR","@id":"https:\/\/ruysschaert.be\/fr\/#\/schema\/logo\/image\/","url":"https:\/\/ruysschaert.be\/wp-content\/uploads\/2025\/05\/cropped-The-Language-Academy-Logo-Icoon-met-rand.png","contentUrl":"https:\/\/ruysschaert.be\/wp-content\/uploads\/2025\/05\/cropped-The-Language-Academy-Logo-Icoon-met-rand.png","width":512,"height":512,"caption":"The Language Academy Ruysschaert"},"image":{"@id":"https:\/\/ruysschaert.be\/fr\/#\/schema\/logo\/image\/"}}]}</script>
<!-- / Yoast SEO plugin. -->

Séjour linguistique pour enfants et jeunes | Ruysschaert

Découvrez les séjours linguistiques Ruysschaert pour les jeunes de 12 à 18 ans. Optez pour une immersion à 100% dans la langue et une expérience inoubliable !
